50. Calculate m(578).
50
Let q(p) = -3325*p - 20017. Determine q(-6).
-67
Let x(z) = -1040*z - 15918. Calculate x(-15).
-318
Let u(s) = 106*s + 3681. Determine u(-41).
-665
Let j(g) = 25*g**2 + 13855*g - 69928. What is j(5)?
-28
Let i(q) = 1505*q + 51308. Give i(-34).
138
Let o(p) = p**3 - 64*p**2 - 42*p - 1507. What is o(65)?
-12
Let x(u) = -2*u**3 - 38*u**2 + 90*u - 937. What is x(-22)?
-13
Let j(y) = -y**3 - 110*y**2 + 2171*y + 1523. Determine j(-127).
-1
Let i(d) = 2*d**3 + 339*d**2 - 515*d - 173. Determine i(-171).
169
Let m(c) = -c**3 - 1043*c**2 + 3128*c + 1084704. What is m(-1045)?
-6
Let j(o) = o**3 - o**2 - 287*o - 241. What is j(-16)?
-1
Let r(b) = 5*b**2 - 3220*b + 228023. Give r(81).
8
Let o(z) = -3*z**3 - 185*z**2 + 705*z + 3563. Calculate o(-65).
-12
Let d(j) = -90*j**3 + 2881*j**2 - 31*j - 41. What is d(32)?
-9
Let c(q) = -2*q**2 - 305*q + 3227. What is c(10)?
-23
Let v(t) = -2*t**2 - 705*t - 41831. What is v(-277)?
-4
Let r(a) = -3745*a**2 + 44924*a + 222. Calculate r(12).
30
Let c(f) = -51*f**2 - 18995*f - 8565. What is c(-372)?
-9
Let x(f) = 7*f**3 - 230*f**2 - 76*f + 1387. Give x(33).
-32
Let v(k) = -k**3 + 134*k**2 + 2*k - 443. Calculate v(134).
-175
Let b(c) = 382*c - 26782. What is b(71)?
340
Let l(t) = -1653*t - 10322. Determine l(-6).
-404
Let q(z) = -6*z**2 - 69*z + 5531. What is q(28)?
-1105
Let y(x) = -6088*x + 10921870. Give y(1794).
-2
Let n(i) = 26*i**2 - 851*i + 182. Give n(41).
8997
Let p(y) = y**3 + 229*y**2 - 2*y - 847. Calculate p(-229).
-389
Let u(n) = 537*n - 34617. Calculate u(63).
-786
Let w(z) = 31252*z + 189643. Determine w(-6).
2131
Let p(h) = 1218*h + 204630. What is p(-168)?
6
Let j(t) = 15417*t - 90971. Calculate j(6).
1531
Let t(w) = -97*w**2 - 30459*w - 391. What is t(-314)?
-77
Let g(d) = -15147*d + 5698. What is g(0)?
5698
Let j(g) = -37915*g + 454981. Calculate j(12).
1
Let h(p) = 10*p**2 - 62*p + 109. What is h(3)?
13
Let r(c) = 26*c**2 + 7517*c + 741. Determine r(-289).
-126
Let p(a) = 81*a**2 - 2305*a - 378. What is p(29)?
898
Let x(f) = 3*f**2 - 110*f + 1473. Give x(16).
481
Let a(q) = -1301*q - 9306. Give a(-6).
-1500
Let t(k) = -3*k**3 - 164*k**2 - 699*k + 10. What is t(-50)?
-40
Let f(j) = 10*j**2 - 48*j + 369. Give f(5).
379
Let h(d) = -249*d - 3455. Determine h(-15).
280
Let t(s) = -7245*s - 23104. Determine t(-3).
-1369
Let q(k) = -2*k**2 + 110*k + 3152. What is q(-20)?
152
Let a(t) = -4*t**3 - 4*t**2 + 139*t + 109. Calculate a(-9).
1450
Let m(j) = 2*j**3 - 52*j**2 + 392*j - 8543. Determine m(25).
7
Let r(v) = -12*v**2 - 50*v + 378. Give r(-12).
-750
Let f(d) = -273*d - 31093. Give f(-114).
29
Let y(w) = -5357*w - 80339. Give y(-15).
16
Let u(j) = -16*j**3 + 123*j**2 - 72*j - 62. Calculate u(7).
-27
Let b(v) = 810*v - 841801. Determine b(1039).
-211
Let k(t) = 24186*t - 386981. Calculate k(16).
-5
Let d(b) = b**3 + 42*b**2 + 370*b + 17736. Calculate d(-43).
-23
Let n(q) = -156*q**2 - 184*q - 108. What is n(-2)?
-364
Let w(s) = 2357*s - 10141. What is w(4)?
-713
Let t(m) = m**3 + 627*m**2 - 5613*m - 1005. Calculate t(9).
-6
Let t(z) = 2*z**3 + 170*z**2 - 1818*z + 4351. Give t(6).
-5
Let p(s) = -s**2 - 7*s + 5563. Give p(76).
-745
Let c(j) = 11*j**2 + 24*j - 268. What is c(-20)?
3652
Let p(z) = -96757*z + 580576. Calculate p(6).
34
Let r(a) = -a**3 - 4*a**2 + 40*a + 31. Determine r(-4).
-129
Let n(m) = 168423*m + 5389560. Calculate n(-32).
24
Let p(c) = -c**3 + 13*c**2 + 13*c - 616. Determine p(6).
-286
Let n(i) = -56*i - 1883. Determine n(-36).
133
Let z(k) = 946*k**3 - 77570*k**2 - 165*k + 81. Give z(82).
-1
Let n(z) = -163*z - 1415. Calculate n(-9).
52
Let r(q) = -247*q**2 + 8923*q - 1091. What is r(36)?
25
Let r(n) = -2*n**3 - 3*n**2 + 73*n + 80. Determine r(-7).
108
Let k(o) = 4375*o - 704368. Determine k(161).
7
Let m(b) = 3*b**3 + 79*b**2 - 136*b - 2228. Give m(-27).
-14
Let i(o) = 20*o**3 + 2022*o**2 - 11*o - 21554. Calculate i(-101).
-41
Let x(w) = -w**2 + 1497*w + 117921. Determine x(-75).
21
Let p(h) = 69*h - 4120. Give p(32).
-1912
Let i(g) = -4*g**2 + 248*g - 3719. Calculate i(25).
-19
Let s(l) = -5346*l - 791028. Determine s(-148).
180
Let l(a) = -a**3 - 356*a**2 - 28553*a - 641. Determine l(-122).
-31
Let n(z) = 2507*z + 54877. Give n(-22).
-277
Let q(d) = 720*d - 138055. Calculate q(192).
185
Let a(u) = -1808020*u + 1808023. Calculate a(1).
3
Let o(j) = -j**2 - 10207*j - 729727. Determine o(-72).
-7
Let x(o) = o**3 + 11*o**2 + 21*o - 34. Give x(-7).
15
Let y(x) = -2*x**3 + 203*x**2 + 370*x - 26860. Calculate y(102).
476
Let c(p) = 2115*p - 939134. Determine c(444).
-74
Let j(r) = -36*r**2 - 632*r + 5707. Calculate j(9).
-2897
Let l(f) = 4015*f - 8767. Determine l(2).
-737
Let k(d) = 93242*d + 1771596. Determine k(-19).
-2
Let z(l) = 396*l - 19628. Calculate z(48).
-620
Let c(k) = 7*k**3 - 2451*k**2 - 7055*k - 1791. Calculate c(353).
-26
Let k(o) = -43*o - 46. Give k(-4).
126
Let m(r) = r**3 - 67*r**2 - 25*r - 7. Calculate m(0).
-7
Let p(i) = i**2 - 12530*i + 6049588. Calculate p(503).
7
Let j(q) = -4*q**2 + 311*q + 408. Determine j(75).
1233
Let l(m) = 2*m**3 - 169*m**2 + 1680*m - 54. Give l(73).
19
Let q(h) = -258*h**2 + 67078*h + 461. Calculate q(260).
-59
Let q(f) = 4*f**2 - 393*f - 4042. Determine q(-10).
288
Let r(o) = 3*o**2 + 54766*o + 273792. Give r(-5).
37
Let q(u) = 13173*u + 65763. Determine q(-5).
-102
Let d(h) = -553*h - 200173. Determine d(-362).
13
Let b(j) = -117162*j - 2929058. Give b(-25).
-8
Let t(h) = h**3 - 64*h**2 + 1294*h - 8381. Determine t(18).
7
Let u(i) = i**2 - 1803*i - 119485. Calculate u(-64).
3
Let v(f) = -f**2 - 1456*f + 474. Give v(0).
474
Let d(p) = 23*p**2 + 5999*p - 1070. Give d(-261).
-26
Let u(v) = 82*v - 1453. Determine u(17).
-59
Let q(s) = 4*s**3 + 112*s**2 - 9*s - 154. Determine q(-28).
98
Let a(q) = -7*q**3 - 4936*q**2 - 30067*q - 6982. What is a(-699)?
8
Let c(u) = -7097*u - 124404. Determine c(-18).
3342
Let y(c) = -394292*c - 7885845. What is y(-20)?
-5
Let y(j) = 1809106*j - 18091061. Calculate y(10).
-1
Let h(t) = 2*t**2 + 658*t + 35785. Calculate h(-260).
-95
Let j(h) = 2*h**3 - 14*h**2 + 15*h + 90. Give j(8).
338
Let j(i) = 5*i**3 - 4*i**2 - 92*i - 396. What is j(-5)?
-661
Let q(b) = 5094*b - 636717. Give q(125).
33
Let d(p) = -p**3 - 32*p**2 + 174*p - 312. Determine d(-37).
95
Let y(r) = 2*r**2 - 1243*r - 13899. Give y(-11).
16
Let m(f) = 65*f**3 + 1369*f**2 + 60*f - 6. Give m(-21).
498
Let i(s) = -31*s**2 + 220*s - 10. Give i(7).
11
Let p(x) = -3*x**2 + 495*x + 3697. Determine p(172).
85
Let a(s) = 48884*s + 97731. What is a(-2)?
-37
Let o(p) = p**3 + 58*p**2 - 275*p - 70. Calculate o(5).
130
Let p(h) = -2923*h - 14628. Give p(-5).
-13
Let x(l) = -10*l**2 + 2232*l - 109640. Give x(73).
6
Let s(o) = -22*o**3 + 2*o**2 - 28*o - 76. Give s(-2).
164
Let k(z) = -z**3 + 18*z**2 - 266*z + 1310. Determine k(6).
146
Let y(t) = -5988*t + 113777. Give y(19).
5
Let p(x) = 56*x + 2401. What is p(-47)?
-231
Let q(u) = -8*u**2 + 55431*u - 332299. Calculate q(6).
-1
Let q(v) = v**2 - 115*v + 922. Determine q(106).
-32
Let q(x) = 725*x - 23226. Determine q(31).
-751
Let u(g) = 22124*g + 1570838. Give u(-71).
34
Let h(s) = 1254*s + 25020. Give h(-20).
-60
Let o(i) = 2444*i**2 + 48841*i - 782. Give o(-20).
-2
Let o(w) = w**3 - 92*w + 227. Determine o(0).
227
Let h(l) = 40*l**2 + 219*l + 442. Determine h(-2).
164
Let f(a) = 75499*a - 377510. Calculate f(5).
-15
Let t(o) = o**3 - 102*o**2 - 121*o + 1585. Determine t(103).
-269
Let t(w) = -w**2 + 10650*w - 6114974. What is t(609)?
-5
Let g(z) = -16*z**3 - 343*z**2 - 158*z - 216. Give g(-21).
15
Let d(o) = -22383*o - 3626039. Calculate d(-162).
7
Let s(h) = -h**3 + 390*h**2 + 20584*h - 19657. What is s(437)?
8
Let h(a) = -a**3 + 39*a**2 - 286*a + 110. Give h(9).
-34
Let w(b) = 2297*b - 2296. Determine w(1).
1
Let x(c) = -c**2 - 12203*c - 2636256. Give x(-220).
4
Let c(h) = -454955*h + 58689194. Give c(129).
-1
Let y(d) = d**2 + 1189*d - 18966. Calculate y(16).
314
Let y(k) = 2*k**3 - 99*k**2 + 282*k - 2206. Determine y(47).
3
Let q(i) = -253*i + 1680. Calculate q(3).
921
Let v(q) = q**2 + 2660*q + 42403. What is v(-16)?
99
Let z(b) = -10*b**2 - 953*b - 35. What is z(-95)?
250
Let b(a) = -25759*a + 128810. Calculate b(5).
15
Let i(o) = -1430*o + 21533. Give i(15).
83
Let v(f) = -f**2 + 12